7 is divided by 4?
1
Calculate the remainder when 7342 is divided by 60.
22
What is the remainder when 3808 is divided by 525?
133
What is the remainder when 4164 is divided by 535?
419
What is the remainder when 2927 is divided by 56?
15
What is the remainder when 436 is divided by 422?
14
Calculate the remainder when 397916 is divided by 89.
86
What is the remainder when 5737 is divided by 97?
14
Calculate the remainder when 550 is divided by 6.
4
What is the remainder when 84321 is divided by 16863?
6
Calculate the remainder when 332222 is divided by 137.
134
Calculate the remainder when 202570 is divided by 204.
202
What is the remainder when 64260 is divided by 58?
54
Calculate the remainder when 7810 is divided by 50.
10
What is the remainder when 13319 is divided by 2662?
9
Calculate the remainder when 32235 is divided by 54.
51
Calculate the remainder when 415492 is divided by 32.
4
What is the remainder when 6976 is divided by 170?
6
Calculate the remainder when 13141 is divided by 1010.
11
Calculate the remainder when 43381 is divided by 14452.
25
What is the remainder when 10276 is divided by 10252?
24
Calculate the remainder when 37828 is divided by 12602.
22
Calculate the remainder when 3184 is divided by 240.
64
What is the remainder when 303 is divided by 265?
38
Calculate the remainder when 3563 is divided by 239.
217
Calculate the remainder when 7429 is divided by 239.
20
What is the remainder when 20759 is divided by 364?
11
Calculate the remainder when 12096 is divided by 577.
556
Calculate the remainder when 35709 is divided by 26.
11
What is the remainder when 2575 is divided by 704?
463
Calculate the remainder when 356975 is divided by 246.
29
What is the remainder when 529616 is divided by 7255?
1
Calculate the remainder when 478599 is divided by 119.
100
Calculate the remainder when 5596 is divided by 254.
8
What is the remainder when 1975 is divided by 892?
191
What is the remainder when 150042 is divided by 19?
18
What is the remainder when 203187 is divided by 321?
315
Calculate the remainder when 76801 is divided by 854.
795
Calculate the remainder when 26595 is divided by 120.
75
Calculate the remainder when 1465 is divided by 320.
185
What is the remainder when 61333 is divided by 9?
7
What is the remainder when 65125 is divided by 65085?
40
Calculate the remainder when 49358 is divided by 63.
29
What is the remainder when 117166 is divided by 253?
27
What is the remainder when 1917 is divided by 908?
101
What is the remainder when 4288 is divided by 159?
154
What is the remainder when 336572 is divided by 4207?
12
Calculate the remainder when 368 is divided by 121.
5
Calculate the remainder when 1080334 is divided by 426.
424
What is the remainder when 30239 is divided by 318?
29
What is the remainder when 387 is divided by 54?
9
What is the remainder when 46625 is divided by 105?
5
Calculate the remainder when 1262 is divided by 146.
94
What is the remainder when 23461 is divided by 1956?
1945
Calculate the remainder when 113692 is divided by 84.
40
Calculate the remainder when 13770 is divided by 155.
130
What is the remainder when 2679 is divided by 685?
624
Calculate the remainder when 4581 is divided by 1335.
576
Calculate the remainder when 359831 is divided by 4929.
14
What is the remainder when 4546 is divided by 575?
521
What is the remainder when 5156 is divided by 1580?
416
Calculate the remainder when 1215 is divided by 167.
46
What is the remainder when 6974 is divided by 49?
16
What is the remainder when 14245 is divided by 160?
5
What is the remainder when 7328 is divided by 660?
68
Calculate the remainder when 27330 is divided by 664.
106
Calculate the remainder when 1590 is divided by 523.
21
Calculate the remainder when 278272 is divided by 740.
32
Calculate the remainder when 96291 is divided by 133.
132
Calculate the remainder when 44916 is divided by 218.
8
Calculate the remainder when 7691 is divided by 1096.
19
Calculate the remainder when 183054 is divided by 69.
66
What is the remainder when 198895 is divided by 663?
658
What is the remainder when 4341 is divided by 68?
57
Calculate the remainder when 465775 is divided by 465742.
33
What is the remainder when 3607148 is divided by 950?
948
Calculate the remainder when 97380 is divided by 32457.
9
Calculate the remainder when 238137 is divided by 11.
9
Calculate the remainder when 3020540 is divided by 608.
604
Calculate the remainder when 13453 is divided by 463.
26
Calculate the remainder when 2075 is divided by 687.
14
Calculate the remainder when 673307 is divided by 91.
89
Calculate the remainder when 5658 is divided by 177.
171
What is the remainder when 180 is divided by 98?
82
Calculate the remainder when 2321 is divided by 702.
215
What is the remainder when 2353 is divided by 309?
190
What is the remainder when 113392 is divided by 182?
6
Calculate the remainder when 3737 is divided by 742.
27
What is the remainder when 67872 is divided by 274?
194
Calculate the remainder when 1383 is divided by 680.
23
Calculate the remainder when 7355 is divided by 8.
3
Calculate the remainder when 2992 is divided by 64.
48
What is the remainder when 6363 is divided by 1245?
138
Calculate the remainder when 49477 is divided by 62.
1
What is the remainder when 530421 is divided by 299?
294
What is the remainder when 1310 is divided by 356?
242
What is the remainder when 3189 is divided by 68?
61
What is the remainder when 164104 is divided by 326?
126
Calculate the remainder when 94662 is divided by 295.
262
Calculate the remainder when 460 is divided by 111.
16
What is the remainder when 376565 is divided by 412?
409
What is the remainder when 20098 is divided by 306?
208
What is the remainder when 262750 is divided by 20?
10
What is the remainder when 3733515 is divided by 174?
171
What is the remainder when 11514 is divided by 1150?
14
Calculate the remainder when 169684 is divided by 66.
64
What is the remainder when 1329 is divided by 42?
27
What is the remainder when 43782 is divided by 13?
11
Calculate the remainder when 60378 is divided by 387.
6
What is the remainder when 380647 is divided by 662?
659
What is the remainder when 19469 is divided by 8?
5
What is the remainder when 3849 is divided by 768?
9
Calculate the remainder when 3456 is divided by 452.
292
What is the remainder when 2491391 is divided by 1536?
1535
Calculate the remainder when 15304 is divided by 86.
82
Calculate the remainder when 2983 is divided by 129.
16
What is the remainder when 118726 is divided by 1120?
6
What is the remainder when 259231 is divided by 32403?
7
Calculate the remainder when 339517 is divided by 6.
1
What is the remainder when 21679 is divided by 7226?
1
Calculate the remainder when 33707 is divided by 8419.
31
Calculate the remainder when 2529 is divided by 843.
0
What is the remainder when 6980 is divided by 6959?
21
Calculate the remainder when 5221 is divided by 768.
613
Calculate the remainder when 5089 is divided by 208.
97
Calculate the remainder when 134142 is divided by 91.
8
Calculate the remainder when 78417 is divided by 23.
10
Calculate the remainder when 770884 is divided by 47.
37
What is the remainder when 37797 is divided by 226?
55
What is the remainder when 2858 is divided by 102?
2
What is the remainder when 16919 is divided by 40?
39
Calculate the remainder when 2682 is divided by 89.
12
Calculate the remainder when 124923 is divided by 263.
261
What is the remainder when 3087947 is divided by 409?
406
What is the remainder when 153069 is divided by 72?
69
Calculate the remainder when 3100 is divided by 47.
45
Calculate the remainder when 18426 is divided by 19.
15
Calculate the remainder when 7813 is divided by 2143.
1384
Calculate the remainder when 1599 is divided by 124.
111
What is the remainder when 1008786 is divided by 359?
355
Calculate the remainder when 4171 is divided by 67.
17
What is the remainder when 34907 is divided by 30?
17
Calculate the remainder when 22834 is divided by 14.
0
Calculate the remainder when 771947 is divided by 178.
139
What is the remainder when 2362 is divided by 1171?
20
What is the remainder when 8218 is divided by 235?
228
Calculate the remainder when 85240 is divided by 341.
33